{"id":2,"date":"2025-11-22T20:00:14","date_gmt":"2025-11-22T11:00:14","guid":{"rendered":"http:\/\/frankyoshida.com\/expertos-en-comunidad\/?page_id=2"},"modified":"2025-11-23T20:02:44","modified_gmt":"2025-11-23T11:02:44","slug":"sample-page","status":"publish","type":"page","link":"https:\/\/frankyoshida.com\/expertos-en-comunidad\/?page_id=2","title":{"rendered":"G\u00e9nero"},"content":{"rendered":"<p>Hola, soy Frank.<\/p>\n<p>En este sitio, puedes explorar mis publicaciones de blog por g\u00e9nero o categor\u00eda.<br \/>\n\u00a1T\u00f3mate tu tiempo y disfr\u00fatalo!<\/p>\n<hr color=black>\n<p><a href=\"https:\/\/frankyoshida.com\/expertos-en-comunidad\/?cat=90\" target=\"_blank\"><u>Bienestar<\/u><\/a><br \/>\n\u30fbC\u00f3mo las hierbas equilibran el cuerpo: El secreto de la mezcla de 13 hierbas de Ricola y formas sencillas de incorporarlas a tu d\u00eda a d\u00eda\uff1a<a href=\"https:\/\/frankyoshida.com\/expertos-en-comunidad\/?p=231\" target=\"_blank\">>Aqu\u00ed<\/a><\/p>\n<p><a href=\"https:\/\/frankyoshida.com\/expertos-en-comunidad\/?cat=17\" target=\"_blank\"><u>Blogging<\/u><\/a><br \/>\n\u30fbC\u00f3mo monetizar tu blog desde cero \u2014 3 estrategias reales que generan ingresos\uff1a<a href=\"https:\/\/frankyoshida.com\/expertos-en-comunidad\/?p=107\" target=\"_blank\">>Aqu\u00ed<\/a><br \/>\n\u30fb\u00bfEl SEO es tan dif\u00edcil? La gu\u00eda paso a paso para principiantes que quieren ver resultados reales en solo 6 meses\uff1a<a href=\"https:\/\/frankyoshida.com\/expertos-en-comunidad\/?p=141\" target=\"_blank\">>Aqu\u00ed<\/a><br \/>\n\u30fbLas trampas ocultas de los nuevos bloggers\u2015\u2015Estrategias reales para ganar con marketing de afiliados\uff1a<a href=\"https:\/\/frankyoshida.com\/expertos-en-comunidad\/?p=85\" target=\"_blank\">>Aqu\u00ed<\/a><br \/>\n\u30fbPor qu\u00e9 la mayor\u00eda de los blogs mueren en tres d\u00edas \u2014 y los 7 h\u00e1bitos de quienes realmente ganan dinero\uff1a<a href=\"https:\/\/frankyoshida.com\/expertos-en-comunidad\/?p=97\" target=\"_blank\">>Aqu\u00ed<\/a><br \/>\n\u30fbPor qu\u00e9 tu blog no pasa la revisi\u00f3n de Google AdSense \u2014 y c\u00f3mo lograr la aprobaci\u00f3n definitiva\uff1a<a href=\"https:\/\/frankyoshida.com\/expertos-en-comunidad\/?p=129\" target=\"_blank\">>Aqu\u00ed<\/a><\/p>\n<p><a href=\"https:\/\/frankyoshida.com\/expertos-en-comunidad\/?cat=60\" target=\"_blank\"><u>Conocimiento<\/u><\/a><br \/>\n\u30fb\u201cmasona\u201d \u2015 Portal de Conocimiento, Crecimiento e Inspiraci\u00f3n Pr\u00e1ctica\uff1a<a href=\"https:\/\/frankyoshida.com\/expertos-en-comunidad\/?p=186\" target=\"_blank\">>Aqu\u00ed<\/a><\/p>\n<p><a href=\"https:\/\/frankyoshida.com\/expertos-en-comunidad\/?cat=64\" target=\"_blank\"><u>Emprendimiento<\/u><\/a><br \/>\n\u30fbLecciones de Soloemprendimiento con Kenta Katsuki: Libertad M\u00e1s All\u00e1 del Dinero\uff1a<a href=\"https:\/\/frankyoshida.com\/expertos-en-comunidad\/?p=194\" target=\"_blank\">>Aqu\u00ed<\/a><\/p>\n<p><a href=\"https:\/\/frankyoshida.com\/expertos-en-comunidad\/?cat=74\" target=\"_blank\"><u>Filosof\u00eda<\/u><\/a><br \/>\n\u30fb\u00bfMatem\u00e1ticas como el Creador Supremo? Reflexiones del Profesor de Oxford Marcus du Sautoy\uff1a<a href=\"https:\/\/frankyoshida.com\/expertos-en-comunidad\/?p=205\" target=\"_blank\">>Aqu\u00ed<\/a><\/p>\n<p><a href=\"https:\/\/frankyoshida.com\/expertos-en-comunidad\/?cat=43\" target=\"_blank\"><u>Finanzas<\/u><\/a><br \/>\n\u30fbC\u00f3mo Ganar 10 Millones de Yen al A\u00f1o con AdSense! 5 Reglas de Oro para Maximizar tus Ingresos\uff1a<a href=\"https:\/\/frankyoshida.com\/expertos-en-comunidad\/?p=169\" target=\"_blank\">>Aqu\u00ed<\/a><br \/>\n\u30fbDiferencia entre Ingresos Pasivos y Ganancias de Capital\u2015\u2015La Clave para Invertir con Inteligencia\uff1a<a href=\"https:\/\/frankyoshida.com\/expertos-en-comunidad\/?p=155\" target=\"_blank\">>Aqu\u00ed<\/a><\/p>\n<p><a href=\"https:\/\/frankyoshida.com\/expertos-en-comunidad\/?cat=39\" target=\"_blank\"><u>Invertir<\/u><\/a><br \/>\n\u30fbDesde Cero hacia FIRE: El camino del freelancer para transformar ingresos inestables en riqueza duradera\uff1a<a href=\"https:\/\/frankyoshida.com\/expertos-en-comunidad\/?p=148\" target=\"_blank\">>Aqu\u00ed<\/a><\/p>\n<p><a href=\"https:\/\/frankyoshida.com\/expertos-en-comunidad\/?cat=47\" target=\"_blank\"><u>Liderazgo<\/u><\/a><br \/>\n\u30fbEl Poder Oculto de la Recompensa\u2015\u2015Lo que el \u201cRonk\u014d K\u014dsh\u014d\u201d Japon\u00e9s Ense\u00f1a sobre el Liderazgo Moderno\uff1a<a href=\"https:\/\/frankyoshida.com\/expertos-en-comunidad\/?p=162\" target=\"_blank\">>Aqu\u00ed<\/a><\/p>\n<p><a href=\"https:\/\/frankyoshida.com\/expertos-en-comunidad\/?cat=13\" target=\"_blank\"><u>Marketing<\/u><\/a><br \/>\n\u30fbC\u00f3mo Elegir las Palabras Clave Correctas\u2015\u2015La Gu\u00eda Esencial para Monetizar tu Blog y Mejorar tu SEO\uff1a<a href=\"https:\/\/frankyoshida.com\/expertos-en-comunidad\/?p=175\" target=\"_blank\">>Aqu\u00ed<\/a><br \/>\n\u30fbPara quienes no generan ingresos con su blog: \u00a1Rompe el cero! 3 estrategias pr\u00e1cticas que puedes aplicar hoy\uff1a<a href=\"https:\/\/frankyoshida.com\/expertos-en-comunidad\/?p=78\" target=\"_blank\">>Aqu\u00ed<\/a><br \/>\n\u30fb\u00a1Potencia tus ventas en Amazon! 5 estrategias pr\u00e1cticas para movilizar a tus lectores de blog\uff1a<a href=\"https:\/\/frankyoshida.com\/expertos-en-comunidad\/?p=181\" target=\"_blank\">>Aqu\u00ed<\/a><\/p>\n<p><a href=\"https:\/\/frankyoshida.com\/expertos-en-comunidad\/?cat=78\" target=\"_blank\"><u>Matem\u00e1ticas<\/u><\/a><br \/>\n\u30fbConjetura de Collatz! Misterio Matem\u00e1tico No Resuelto con Premio de 120M de Yenes\uff1a<a href=\"https:\/\/frankyoshida.com\/expertos-en-comunidad\/?p=216\" target=\"_blank\">>Aqu\u00ed<\/a><\/p>\n<p><a href=\"https:\/\/frankyoshida.com\/expertos-en-comunidad\/?cat=5\" target=\"_blank\"><u>Paternidad<\/u><\/a><br \/>\n\u30fbC\u00f3mo un Padre Soltero Destac\u00f3 en el D\u00eda de Padres y Gan\u00f3 el Coraz\u00f3n de su Hija\uff1a<a href=\"https:\/\/frankyoshida.com\/expertos-en-comunidad\/?p=52\" target=\"_blank\">>Aqu\u00ed<\/a><\/p>\n<p><a href=\"https:\/\/frankyoshida.com\/expertos-en-comunidad\/?cat=86\" target=\"_blank\"><u>Pol\u00edtica<\/u><\/a><br \/>\n\u30fbPor qu\u00e9 el Seguro Nacional de Salud en Jap\u00f3n Puede Parecer Injusto: Gu\u00eda para Aut\u00f3nomos y Personas Sanas\uff1a<a href=\"https:\/\/frankyoshida.com\/expertos-en-comunidad\/?p=223\" target=\"_blank\">>Aqu\u00ed<\/a><\/p>\n<p><a href=\"https:\/\/frankyoshida.com\/expertos-en-comunidad\/?cat=28\" target=\"_blank\"><u>Reflexi\u00f3n<\/u><\/a><br \/>\n\u30fbMam\u00e1, \u00a1me cans\u00e9 de caminar! \u2013 Entonces ella dijo: \u201cPues corre\u201d\uff1a<a href=\"https:\/\/frankyoshida.com\/expertos-en-comunidad\/?p=120\" target=\"_blank\">>Aqu\u00ed<\/a><\/p>\n<p><a href=\"https:\/\/frankyoshida.com\/expertos-en-comunidad\/?cat=9\" target=\"_blank\"><u>Salud<\/u><\/a><br \/>\n\u30fbComo un M\u00e9dico Extraordinario Devolvi\u00f3 la Calma a una Noche de Angustia\uff1a<a href=\"https:\/\/frankyoshida.com\/expertos-en-comunidad\/?p=70\" target=\"_blank\">>Aqu\u00ed<\/a><\/p>\n<hr color=black>\n<p>\u00a1Estoy en el ranking de blogs populares!<br \/>\n\u00bfCu\u00e1l es hoy la posici\u00f3n de [masona\uff5cResumen de Blogs Destacados]?<\/p>\n<p><a href=\"https:\/\/blog.with2.net\/link\/?id=2136194:1934\" title=\"\u30b9\u30da\u30a4\u30f3\u8a9e\u30e9\u30f3\u30ad\u30f3\u30b0\"><img loading=\"lazy\" decoding=\"async\" alt=\"\u30b9\u30da\u30a4\u30f3\u8a9e\u30e9\u30f3\u30ad\u30f3\u30b0\" width=\"200\" height=\"55\" src=\"https:\/\/blog.with2.net\/img\/banner\/c\/banner_2\/br_c_1934_2.gif\"><\/a><\/p>\n<p><a href=\"https:\/\/blog.with2.net\/link\/?id=2136194&#038;follow\" title=\"\u4eba\u6c17\u30d6\u30ed\u30b0\u30e9\u30f3\u30ad\u30f3\u30b0\u3067\u30d5\u30a9\u30ed\u30fc\"><img loading=\"lazy\" decoding=\"async\" alt=\"\u4eba\u6c17\u30d6\u30ed\u30b0\u30e9\u30f3\u30ad\u30f3\u30b0\u3067\u30d5\u30a9\u30ed\u30fc\" width=\"172\" height=\"20\" src=\"https:\/\/blog.with2.net\/banner\/follow\/2136194?t=m\"><\/a><\/p>\n<p><script async src=\"https:\/\/pagead2.googlesyndication.com\/pagead\/js\/adsbygoogle.js?client=ca-pub-2340083434515067\" crossorigin=\"anonymous\"><\/script><!-- masona\uff08\u30b9\u30da\u30a4\u30f3\u8a9e\uff09\u8a18\u4e8b\u4e0b --><ins class=\"adsbygoogle\" style=\"display: block;\" data-ad-client=\"ca-pub-2340083434515067\" data-ad-slot=\"3104200748\" data-ad-format=\"auto\" data-full-width-responsive=\"true\"><\/ins><script>\n     (adsbygoogle = window.adsbygoogle || []).push({});\n<\/script><\/p>\n","protected":false},"excerpt":{"rendered":"<p>Hola, soy Frank. En este sitio&hellip;<\/p>\n","protected":false},"author":1,"featured_media":50,"parent":0,"menu_order":0,"comment_status":"closed","ping_status":"closed","template":"","meta":{"footnotes":""},"class_list":["post-2","page","type-page","status-publish","has-post-thumbnail","hentry"],"aioseo_notices":[],"_links":{"self":[{"href":"https:\/\/frankyoshida.com\/expertos-en-comunidad\/index.php?rest_route=\/wp\/v2\/pages\/2","targetHints":{"allow":["GET"]}}],"collection":[{"href":"https:\/\/frankyoshida.com\/expertos-en-comunidad\/index.php?rest_route=\/wp\/v2\/pages"}],"about":[{"href":"https:\/\/frankyoshida.com\/expertos-en-comunidad\/index.php?rest_route=\/wp\/v2\/types\/page"}],"author":[{"embeddable":true,"href":"https:\/\/frankyoshida.com\/expertos-en-comunidad\/index.php?rest_route=\/wp\/v2\/users\/1"}],"replies":[{"embeddable":true,"href":"https:\/\/frankyoshida.com\/expertos-en-comunidad\/index.php?rest_route=%2Fwp%2Fv2%2Fcomments&post=2"}],"version-history":[{"count":45,"href":"https:\/\/frankyoshida.com\/expertos-en-comunidad\/index.php?rest_route=\/wp\/v2\/pages\/2\/revisions"}],"predecessor-version":[{"id":243,"href":"https:\/\/frankyoshida.com\/expertos-en-comunidad\/index.php?rest_route=\/wp\/v2\/pages\/2\/revisions\/243"}],"wp:featuredmedia":[{"embeddable":true,"href":"https:\/\/frankyoshida.com\/expertos-en-comunidad\/index.php?rest_route=\/wp\/v2\/media\/50"}],"wp:attachment":[{"href":"https:\/\/frankyoshida.com\/expertos-en-comunidad\/index.php?rest_route=%2Fwp%2Fv2%2Fmedia&parent=2"}],"curies":[{"name":"wp","href":"https:\/\/api.w.org\/{rel}","templated":true}]}}